s the millions digit of 317542482?
7
What is the units digit of 44757880?
0
What is the ten millions digit of 3236160017?
3
What is the ten thousands digit of 721541888?
4
What is the thousands digit of 86918678?
8
What is the units digit of 2309192839?
9
What is the millions digit of 201407263?
1
What is the millions digit of 458702725?
8
What is the hundred thousands digit of 998403864?
4
What is the ten millions digit of 1408825748?
0
What is the units digit of 27209571?
1
What is the hundred thousands digit of 160016527?
0
What is the tens digit of 29436253?
5
What is the hundreds digit of 6803614663?
6
What is the thousands digit of 10340599?
0
What is the billions digit of 3250621220?
3
What is the ten millions digit of 492491937?
9
What is the units digit of 154022866?
6
What is the hundreds digit of 554018833?
8
What is the ten millions digit of 498454020?
9
What is the hundreds digit of 53489661?
6
What is the millions digit of 619597633?
9
What is the hundreds digit of 1299676525?
5
What is the ten thousands digit of 13912046?
1
What is the thousands digit of 5492667?
2
What is the tens digit of 136396807?
0
What is the units digit of 31752?
2
What is the millions digit of 16727995?
6
What is the ten thousands digit of 5684420937?
2
What is the units digit of 221666624?
4
What is the units digit of 157109315?
5
What is the millions digit of 68733098?
8
What is the hundred thousands digit of 30371336?
3
What is the ten thousands digit of 4952509471?
0
What is the hundreds digit of 5878709216?
2
What is the ten thousands digit of 345275034?
7
What is the ten millions digit of 79178631?
7
What is the hundreds digit of 113948663?
6
What is the hundred millions digit of 117677540?
1
What is the thousands digit of 2721055853?
5
What is the thousands digit of 99303961?
3
What is the hundred thousands digit of 28601876?
6
What is the tens digit of 155830395?
9
What is the units digit of 734980034?
4
What is the thousands digit of 122611860?
1
What is the ten thousands digit of 36184665?
8
What is the ten millions digit of 1113390666?
1
What is the hundred thousands digit of 782093356?
0
What is the ten millions digit of 42693221?
4
What is the units digit of 1598859821?
1
What is the millions digit of 2030872067?
0
What is the hundreds digit of 704005237?
2
What is the ten thousands digit of 47815651?
1
What is the units digit of 94310123?
3
What is the ten millions digit of 790167783?
9
What is the ten millions digit of 5380400124?
8
What is the thousands digit of 484589699?
9
What is the hundreds digit of 43713333?
3
What is the units digit of 2028648366?
6
What is the ten thousands digit of 65257790?
5
What is the thousands digit of 2595488808?
8
What is the hundred thousands digit of 841487972?
4
What is the hundred millions digit of 3158035091?
1
What is the tens digit of 3239724680?
8
What is the hundred thousands digit of 43356369?
3
What is the millions digit of 319578475?
9
What is the ten millions digit of 59509220?
5
What is the units digit of 318680633?
3
What is the millions digit of 34549814?
4
What is the ten thousands digit of 491102247?
0
What is the hundreds digit of 39765455?
4
What is the ten millions digit of 1004124956?
0
What is the hundred millions digit of 270422221?
2
What is the hundred thousands digit of 2887983550?
9
What is the tens digit of 361397606?
0
What is the millions digit of 323283888?
3
What is the hundred thousands digit of 361451166?
4
What is the tens digit of 16334598?
9
What is the hundreds digit of 39890745?
7
What is the millions digit of 524660851?
4
What is the hundred thousands digit of 20942579?
9
What is the hundred millions digit of 408520375?
4
What is the tens digit of 532441572?
7
What is the units digit of 43261699?
9
What is the units digit of 94873895?
5
What is the ten thousands digit of 592751172?
5
What is the ten thousands digit of 339857073?
5
What is the ten millions digit of 57006368?
5
What is the hundreds digit of 1226185?
1
What is the units digit of 146783899?
9
What is the hundred thousands digit of 827984694?
9
What is the tens digit of 169185625?
2
What is the tens digit of 14785506?
0
What is the units digit of 901939094?
4
What is the millions digit of 19793957?
9
What is the ten thousands digit of 32996323?
9
What is the hundreds digit of 88338389?
3
What is the millions digit of 87368611?
7
What is the hundred millions digit of 1060962153?
0
What is the millions digit of 1288617519?
8
What is the ten millions digit of 171237773?
7
What is the hundreds digit of 145677270?
2
What is the tens digit of 1609763459?
5
What is the hundred millions digit of 2389548497?
3
What is the thousands digit of 451772191?
2
What is the hundred thousands digit of 66758925?
7
What is the hundreds digit of 119052191?
1
What is the hundred thousands digit of 419896288?
8
What is the millions digit of 81782596?
1
What is the hundred millions digit of 131661189?
1
What is the hundreds digit of 7268523753?
7
What is the thousands digit of 71087241?
7
What is the units digit of 2102074622?
2
What is the hundred millions digit of 422808493?
4
What is the tens digit of 3424262150?
5
What is the ten millions digit of 49789204?
4
What is the tens digit of 15343103?
0
What is the units digit of 186348006?
6
What is the thousands digit of 4582050573?
0
What is the ten thousands digit of 818784170?
8
What is the thousands digit of 55011714?
1
What is the ten thousands digit of 2691092608?
9
What is the tens digit of 33372456?
5
What is the hundreds digit of 972636486?
4
What is the ten thousands digit of 124933460?
3
What is the ten millions digit of 2109859016?
0
What is the ten thousands digit of 2105311562?
1
What is the tens digit of 1035519239?
3
What is the thousands digit of 90831591?
1
What is the hundreds digit of 38558722?
7
What is the hundred thousands digit of 305904034?
9
What is the ten millions digit of 19333578?
1
What is the hundreds digit of 41959498?
4
What is the ten thousands digit of 8560611?
6
What is the millions digit of 452217341?
2
What is the thousands digit of 722584932?
4
What is the ten millions digit of 164441313?
6
What is the ten thousands digit of 550321876?
2
What is the hundreds digit of 346755459?
4
What is the hundred thousands digit of 282328046?
3
What is the ten millions digit of 39097313?
3
What is the units digit of 97056851?
1
What is the tens digit of 48406890?
9
What is the millions digit of 30899780?
0
What is the tens digit of 2887714733?
3
What is the ten millions digit of 456578540?
5
What is the millions digit of 294951279?
4
What is the millions digit of 563147774?
3
What is the units digit of 858978886?
6
What is the tens digit of 973066198?
9
What is the ten thousands digit of 57219681?
1
What is the ten millions digit of 1007625902?
0
What is the hundred millions digit of 277712877?
2
What is the thousands digit of 21940978?
0
What is the hundred thousands digit of 21890410?
8
What is the tens digit of 34273578?
7
What is the millions digit of 304077164?
4
What is the millions digit of 2028640695?
8
What is the hundred thousands digit of 3414784?
4
What is the millions digit of 96902693?
6
What is the units digit of 570878220?
0
What is the thousands digit of 1180994921?
4
What is the tens digit of 310279411?
1
What is the units digit of 1036618082?
2
What is the ten millions digit of 382724529?
8
What is the units digit of 294966779?
9
What is the millions digit of 7319028303?
9
What is the ten millions digit of 537418332?
3
What is the millions digit of 20633981?
0
What is the ten thousands digit of 340133799?
3
What is the hundreds digit of 711618145?
1
What is the ten thousands digit of 25056191?
5
What is the hundred millions digit of 351245448?
3
What is the tens digit of 27734387?
8
What is the units digit of 400241566?
6
What is the hundreds digit of 541378050?
0
What is the millions digit of 1223255232?
3
What is the ten millions digit of 737084762?
3
What is the tens digit of 186295110?
1
What is the hundred millions digit of 2258721484?
2
What is the thousands digit of 2897191151?
1
What is the millions digit of 1065791972?
5
What is the hundreds digit of 995158928?
9
What is the tens digit of 295456970?
7
What is the hundred 